s divided by n?
13
Let q = -30 - -145. Let m = q - 73. Calculate the remainder when (-6)/(-14) + 1830/m is divided by 15.
14
Suppose -2*k = 4*s - 24, 0 = k - s + 6*s - 24. Suppose -p - 2 = 4*v, p + 5*v + 3 = -k. Calculate the remainder when p is divided by 6 + (2 + -4 - -3).
4
Let k be -3 + (-8)/(-6) + (-1)/3. Let j(s) = -5*s - 1. Calculate the remainder when j(k) is divided by 7.
2
Suppose -701 = -29*c + 430. What is the remainder when c is divided by 183/18 + (-1)/6?
9
Let q(b) = -b**2 + 5*b + 557. Calculate the remainder when q(22) is divided by 19.
12
Suppose 320 = 19*k - 9*k. What is the remainder when k is divided by 14?
4
Suppose r = -5*d - 79, -4*r - 5 + 4 = -d. Suppose 3*y - 8 - 10 = 0. What is the remainder when 130/6 - 5/d is divided by y?
4
Suppose -3*a + 248 = 5*q, -3*a + 8*q - 3*q = -208. What is the remainder when a is divided by (-51)/(-4) + (-1)/(-4)?
11
Let r(t) = 2*t**2 + 72*t + 451. What is the remainder when 217 is divided by r(-7)?
37
Let a(j) = 4*j**2 - 8*j - 9. Let p be a(-5). Suppose -2*k - 6*i + i = -94, -5*i + p = 3*k. What is the remainder when k is divided by 19?
18
Let d(m) = 2*m**3 + 8*m**2 + m + 1. Let x(w) = 2*w**3 + 9*w**2 + w + 1. Let v(a) = -6*d(a) + 5*x(a). What is the remainder when 14 is divided by v(-2)?
4
Let z(a) = a**3 + 4*a**2 - 4*a - 3. Let v be z(-4). Suppose -3*w + 66 = -4*r, 53 = 3*w - 5*r - v. What is the remainder when w is divided by 4?
2
Let j be 0*4*(-3)/(-24). Suppose 4*f - 5*q = -j*q + 4, 4*q - 10 = f. Calculate the remainder when 28 is divided by f.
4
Let k = 213 - 202. Let p(i) = -9*i - 6 - i**3 + 5*i**2 - 2*i**2 + 9*i**2. Calculate the remainder when 79 is divided by p(k).
15
Let b = 102 - 66. Let o = b - 15. What is the remainder when 12/(-10)*1400/(-42) is divided by o?
19
Suppose -5*p + 3*q + 0*q = 33, -23 = 3*p - 5*q. Let u(f) = -f**2 - 8*f - 4. Let x be u(p). What is the remainder when x*3 + (-6)/3 is divided by 12?
10
Suppose -420 = 31*m - 37*m. Calculate the remainder when 90 is divided by m.
20
Let f(x) = 2*x**3 + x**2 - x + 6. Let v be f(0). Suppose -s = -v*s + 305. What is the remainder when s is divided by 16?
13
Let p = 15 + -8. Let w = 20 - p. Let l = w - 2. What is the remainder when 20 is divided by l?
9
Let w(h) = -5*h**2 + 4*h - 5. Let s be w(2). Let p = s + 24. Suppose p*o - 10 = 6*o. What is the remainder when 38 is divided by o?
8
Let m(n) = n**2 + 4*n + 6. Let t be m(-4). Suppose -4*w = -16, 13 = 4*p + 2*w - 47. Calculate the remainder when -1*(-4 + t) - (-25 + 1) is divided by p.
9
Suppose 4*r + 2*k - 33 + 3 = 0, -41 = -5*r + k. Let g = r + -16. Let y = 12 + g. What is the remainder when 15 is divided by y?
3
Suppose -4*p = -3*p - 3. Suppose -4*r = -p*y - 48, 2*r = y + y + 26. Calculate the remainder when 43 is divided by (-2 - r/12)*-8.
21
Suppose -2*p + 5*y + 182 + 37 = 0, -107 = -p + 5*y. Calculate the remainder when p is divided by 23.
20
Suppose 3 = -4*a - 9. Let y(m) = -m**2 - 5*m - 3. Let w be y(a). Suppose n = w, 2*h + 2*h + 3*n = 89. Calculate the remainder when h is divided by 11.
9
Let t = -257 + 149. Let r = -87 - t. What is the remainder when 39 is divided by r?
18
Suppose 352 - 150 = s. Calculate the remainder when s is divided by 34.
32
What is the remainder when ((-28)/(-42))/(8/1356) is divided by 5?
3
Let s = -1 - -3. Let h(l) = 18*l - 137. Calculate the remainder when h(8) is divided by s.
1
Let y be -4*((-3)/(-6) - 1). Suppose -p = y*p - 258. Suppose 4*s + 2*j - p = -0*j, -j = -1. What is the remainder when s is divided by 11?
10
Let l be 1 + -3*(-5)/(-15). Suppose -2*r + 5*p = l, p + 6 = 4*p. What is the remainder when 33 is divided by r?
3
Suppose 4*y = -y + 15, -3*u - 2*y = -1089. What is the remainder when u is divided by 26?
23
Let i = -1 + 4. Let b = i + 5. Let m(c) = c**2 - 5*c - 17. What is the remainder when m(b) is divided by 3?
1
Let v = 47 - -22. Suppose 3*g - 5 = 3*t + 28, 0 = -4*g - t + v. Suppose 3*o = -l + 23, -2*l - 2 + 18 = o. What is the remainder when g is divided by o?
4
Calculate the remainder when 207 is divided by (52/(-39))/(82/(-78) - -1).
25
Let q(l) = 5*l**2 - 8*l**2 + 9*l**2 + l + 3. Calculate the remainder when q(-3) is divided by (-1 + -37)/(-3 - -1).
16
Let q(b) = 6*b - 1. Suppose -s + 0 = -4. Suppose o - s*z + 0*z = 29, 0 = -4*o + 2*z + 46. Calculate the remainder when o is divided by q(1).
4
Let k(h) = 3 - 2 + 6*h**2 - 23*h + 8*h + 14*h. Let u(v) = v + 12. What is the remainder when k(1) is divided by u(-8)?
2
Suppose -2*d + 6*d = 124. Calculate the remainder when d is divided by 9 + 2/14*14.
9
Let a = 479 - 160. What is the remainder when a is divided by 20?
19
Let v(y) = 36*y - 6. Let h be v(2). Suppose -2*z = 2*f - h, 2*f - 4*z - 62 = -5*z. Let q = -8 - -18. What is the remainder when f is divided by q?
9
Let u(y) = 8*y**2 - 4*y + 14. Let r(d) = 7*d**2 - 5*d + 13. Let h(b) = -7*r(b) + 6*u(b). What is the remainder when h(8) is divided by 6?
5
Let a(p) = p + 9. Let y(m) = 3*m + 17. Let u(w) = 5*a(w) - 2*y(w). What is the remainder when u(-10) is divided by 4?
1
Suppose -2*h - 75 = -7*h. Let s = -37 + h. What is the remainder when 11/s + (-378)/(-4) is divided by 32?
30
What is the remainder when 136 is divided by (-140)/12*144/(-60)?
24
Let a = 123 - 197. Let z = 80 + a. Suppose 3*f - 13 - 14 = 0. Calculate the remainder when f is divided by z.
3
Suppose 0*h - 3*h - 393 = -5*j, 0 = -5*j - 5*h + 385. Calculate the remainder when j is divided by ((-54)/(-8))/(3/12).
24
Let h(l) = 75*l + 3. What is the remainder when h(3) is divided by 119/(-34)*396/(-42)?
30
Let x(r) = r**2 - 3. Let y(l) = 2*l**2 + l - 6. Let s(k) = 7*x(k) - 3*y(k). What is the remainder when 25 is divided by s(5)?
4
Let g(s) = -41*s - 9. Let a(b) = -21*b - 5. Let n = 23 + -34. Let t(c) = n*a(c) + 6*g(c). Calculate the remainder when t(-5) is divided by 26.
24
Suppose 36 = 2*g - 2. Suppose g*f = 24*f - 55. What is the remainder when 31 + -2 + (1 - 0) is divided by f?
8
Let h(s) = 64*s**3 - 2*s**2 + 5*s - 2. Let g be h(1). Suppose 0 = -g*z + 69*z - 332. Calculate the remainder when z is divided by 24.
11
Let k(y) = 44*y**2 + y + 1. Let o(d) = d**3 - 19*d**2 - 1. Let z be o(19). Calculate the remainder when k(z) is divided by 24.
20
Suppose -55 = -t - 2. What is the remainder when t is divided by 5/(-20)*-44 - 2?
8
Let z(v) be the first derivative of v**3/3 - 11*v**2/2 - v - 41. What is the remainder when 43 is divided by z(12)?
10
Suppose -114 = -2*z - 0*z. Suppose 5*g = -33 + 668. Let h = g - 115. Calculate the remainder when z is divided by h.
9
Suppose -9*m + 220 = 4. Let w = 37 - m. Calculate the remainder when 46 - (2 + 2*-2) is divided by w.
9
Suppose 261 = 4*l + 3*h, -49 - 87 = -2*l + 4*h. Calculate the remainder when l is divided by 38.
28
Let z = 41 - 83. What is the remainder when ((-1876)/z)/(2/3) is divided by 17?
16
Suppose 617*x = 609*x + 240. What is the remainder when x is divided by 14?
2
Suppose 3*l - 2*p - p - 6 = 0, -5*l = 5*p - 50. Suppose -l + 4 = -b. Suppose -b*x = x - 54. Calculate the remainder when x is divided by 10.
8
Let l(s) = -7*s - 56. Let v be l(-8). Suppose 0 = -g + 4*h + 39, v = g + 4*h - 22 - 9. What is the remainder when 138 is divided by g?
33
Let z(t) = -11*t - 48. Suppose 60 = 10*f - 22*f. Let n = 4 - 1. Calculate the remainder when z(f) is divided by n.
1
Suppose 0 = 360*q - 364*q + 116. What is the remainder when q is divided by 25?
4
Suppose 4*d - 320 = -30*a + 28*a, -2*d = 4*a - 622. What is the remainder when a is divided by 148?
6
Let g(o) = o**2 - 5*o - 3. Let p be g(10). Suppose -p + 11 = -3*w. Calculate the remainder when ((-14)/6)/(3/(-45)) is divided by w.
11
Suppose -6*o = -8 - 28. Calculate the remainder when 59 is divided by 20/o*42/35 + 18.
15
Let g(r) = r**3 + 5*r**2 - 2*r - 9. Let i be g(-5). Calculate the remainder when 4365/20 + i/(-4) + 4 is divided by 45.
42
Let o(x) = 32*x**2 + x. Calculate the remainder when (0 - (-10)/(-3))*(-26 + 8) is divided by o(-1).
29
What is the remainder when 87/(-15)*(14/(-2) + -3) is divided by 2 - -15 - (0 + 0)?
7
Suppose 2*v - 3*i = -5*i + 16, 4*i = -v + 2. Let t(n) be the first derivative of n**2 + 3*n - 1. Calculate the remainder when t(v) is divided by 8.
7
Let k be (-3 - -5 - 2)/1. Suppose p - j - 31 = k, 0 = -5*p + 4*j - 0*j + 155. What is the r